4*x, s - 2*x = -0*s + 1. Let t = 29 - s. Calculate the remainder when 108 is divided by t.
24
Let t(n) = -n**3 - n**2 - n + 2. Let f be t(-3). Let g = 29 - f. Suppose 0 = j - 4*j - g, 2*j + 22 = m. Calculate the remainder when m is divided by 7.
4
Calculate the remainder when 54 is divided by 102/14 - 19/(399/6).
5
Let q(i) be the first derivative of 3*i**2/2 - 19*i + 30. What is the remainder when 14 is divided by q(9)?
6
Suppose -4*q + 4*n - 658 = -q, -5*q - 1086 = 4*n. Let j(a) = a**2 + 5*a + 7. Calculate the remainder when q/(-9) + 24/(-108) is divided by j(-6).
11
Suppose 79*s + 99 = 82*s. Calculate the remainder when 74 is divided by s.
8
Suppose 4*m + 4*n = 60, -m + 11 = 2*n - 9. Suppose -12*u + 16 = -m*u. What is the remainder when (60/(2*1))/1 is divided by u?
6
Suppose 76 = -0*j + 4*j. Let p = j + 11. Let f = -118 + 126. Calculate the remainder when p is divided by f.
6
Let r = -28 + 23. Calculate the remainder when (13/r)/((-4)/20) is divided by 4.
1
What is the remainder when 4/(-2)*402/8*-2 is divided by 34?
31
Let r be -1*(-1)/(-6)*2*0. Suppose -d - 2*c + 62 = r, 2*d - 5*c - 216 = -74. What is the remainder when 130 is divided by d?
64
Suppose p - 5*g - 56 = -3*p, -44 = -4*p + 2*g. Let v = -123 - -208. Let x = v + -50. Calculate the remainder when x is divided by p.
8
Suppose -27*m + 69 = v - 29*m, -2*v + 3*m + 139 = 0. Calculate the remainder when 184 is divided by v.
42
Let l(v) = -5*v - 8. Calculate the remainder when l(-14) is divided by 21.
20
Let i be 7 + 43 + 0 + 1 + -3. Suppose 2*c + o = -c + 43, 4*c - o = i. What is the remainder when 36 is divided by c?
10
Suppose -21*r - 2 + 191 = 0. Let k(o) = -2*o - 6. What is the remainder when r is divided by k(-6)?
3
Let j = 527 + -375. Calculate the remainder when j is divided by 14.
12
Suppose -5*z + 3*a = -210, 2*z - a - 43 = 40. What is the remainder when 87 is divided by z?
9
Let y(c) = c**2 + 3*c + 38. Calculate the remainder when y(-8) is divided by 78.
0
What is the remainder when 35 is divided by (-242)/(-14) + 14/(-49)?
1
Suppose -x = f - 4, -2*f + 4*x + 8 = x. Suppose 3*k + 12 + 0 = -3*i, 2*i + 18 = -f*k. Let m = -1 - -3. What is the remainder when m is divided by i?
0
Let j(b) be the third derivative of b**5/20 - 13*b**4/24 + 11*b**3/6 - 22*b**2. Calculate the remainder when j(6) is divided by 22.
19
Let w = -678 + 443. Let o(m) = 58*m**3 - m**2 + 2*m - 1. What is the remainder when o(1) is divided by 6/(-9) - w/15?
13
Let v(o) = 19 - 19 + 2*o. Let x be v(1). Calculate the remainder when 31 is divided by x/(-16) - 548/(-32).
14
Let d be 1/((-6)/9)*2. Calculate the remainder when 51 is divided by (13/2)/(d - 21/(-6)).
12
Suppose -q - 8 = 5*k, -3*k = -5*k - 2. What is the remainder when q*1*(2 + 38/(-3)) is divided by 7?
4
Suppose 4*t = 4*s + 56, 0 = 2*s + 5 + 1. Let g = -55 + 58. Suppose -3*f = -6, g*o - 3*f - 3 = -0*o. Calculate the remainder when t is divided by o.
2
Let n = -430 + 474. Calculate the remainder when n is divided by 3.
2
Let i(s) = -26*s - 146. Calculate the remainder when 135 is divided by i(-6).
5
Let o be 126/(9/(-3)) - -4. Let g = o - -58. Calculate the remainder when 38 is divided by g.
18
Suppose -4*x = -6*x + 134. Suppose -g - 1 = 0, -2*g - 3*g = 4*n - 19. Suppose -n*k + 8*k = 46. What is the remainder when x is divided by k?
21
Let p(x) = x**2 + x - 5. What is the remainder when 4/(-10) + (-444)/(-10) is divided by p(4)?
14
Let q(n) be the second derivative of n**4/12 - 11*n**3/6 + 13*n**2/2 - 5*n. Let l be q(11). Suppose t - l = 37. Calculate the remainder when t is divided by 13.
11
Let x = -66 + 77. Calculate the remainder when x is divided by 2.
1
Suppose 0 = 5*z - 33 - 167. What is the remainder when z is divided by 22?
18
Suppose 0 = -u - d - 3, -2*u = -5*u + 4*d - 2. Calculate the remainder when -62*u/(-6)*-3 is divided by 16.
14
Let p = 18 + 29. Let t = -29 + 53. What is the remainder when p is divided by t?
23
Suppose q + 4*c = 419, 0 = -9*c + 11*c + 4. What is the remainder when q is divided by 39?
37
Let z = -1068 - -1115. Calculate the remainder when z is divided by 22.
3
Suppose -2*j - 5 = -23. Suppose 5*i = -4*w - 41 + 13, 4*i = -2*w - 20. Calculate the remainder when i - (-58)/2*1 is divided by j.
7
Suppose -f + 4*f - 33 = 0. Let a be (-96)/(-15) - (-8)/(-20). Let x(n) = n**2 + 3*n - 11. Calculate the remainder when x(a) is divided by f.
10
Let a(f) = -4*f**3 + f + 3. Let d(r) = -7*r**3 + r**2 + 2*r + 5. Let w(t) = 5*a(t) - 3*d(t). What is the remainder when 82 is divided by w(4)?
10
Let s = 1138 - 1062. Calculate the remainder when 237 is divided by s.
9
Suppose -2*m - k = -486, 3*m - 5*k = -407 + 1110. Calculate the remainder when m is divided by 81.
79
Suppose 8 = -2*w, -5*x + 41*w - 3 = 43*w. Let g(l) = l + 7. What is the remainder when x is divided by g(-6)?
0
Calculate the remainder when 3 + (-327 + 5)/(-2) + 6 is divided by 57.
56
Let w(q) be the first derivative of -q**4/4 + 2*q**3 + q**2 + 3*q - 8. Calculate the remainder when 43 is divided by w(6).
13
Let h(y) = -y**3 + 5*y**2 + 15*y - 55. Calculate the remainder when 79 is divided by h(5).
19
Let i(f) = -f**3 + 4*f**2 + 6*f - 2. Suppose 10*s = 4*s + 30. Calculate the remainder when 3 is divided by i(s).
0
Let p(f) = -f**2 + 9*f - 3. Let o be 90/11 + 16/(-88). Let u be p(o). Suppose -60 = -0*s - u*s. Calculate the remainder when 45 is divided by s.
9
Suppose -v = 2*x - 58 - 3, 3*v - 3*x - 228 = 0. Calculate the remainder when 207 is divided by v.
65
Let z(k) = 3*k + 2. Let t be z(13). Let u = -20 + t. Calculate the remainder when 40 is divided by u.
19
Let k be 32/(-112) - 604/(-7). Let j = 93 - k. Calculate the remainder when 27 is divided by j.
6
Suppose 0 = -9*j + 189 + 81. What is the remainder when 54 is divided by j?
24
Let y(p) = -p**2 + 15*p - 5. Let h be y(16). Let n = 23 + h. Suppose 0 = 6*x - 98 + n. Calculate the remainder when 78 is divided by x.
14
Suppose 5*q - 32 = 4*n, -5*q + 2*n - 20 = -56. Calculate the remainder when 101 is divided by q.
5
Let y(u) = -2*u**2 + 10*u + 2. Let d be y(7). Let g be (-22 - d) + (-3)/(-1). What is the remainder when 31 is divided by (-15 - g)*1/(-2)?
9
Let q(n) = -n**3 - n**2 - 1. Let w(m) = 4*m**3 + 7*m**2 + 5*m + 8. Let t(z) = -3*q(z) - w(z). What is the remainder when t(-5) is divided by 14?
3
Let h(n) = 7*n**3 - n**2 - 3*n + 5. What is the remainder when 125 is divided by h(1)?
5
Suppose 232 + 142 = 22*p. Calculate the remainder when 303 is divided by p.
14
Calculate the remainder when 853 is divided by (2 - 0) + (104 - 11).
93
Suppose 0 = 4*l - 3*l + 6. Suppose 0*q = -3*q - 5*j + 55, -2*j - 41 = -3*q. Let b = q + l. What is the remainder when b is divided by 3?
0
Let t = -67 + 103. What is the remainder when 274 is divided by t?
22
Suppose 0 = -t - t + 106. Suppose -4*y + 406 - 378 = 0. Calculate the remainder when t is divided by y.
4
Suppose -2*o - 153*f = -149*f - 142, 12 = -4*f. What is the remainder when o is divided by 40?
37
Let b(k) be the first derivative of k**2 + k + 5. Let y be b(-2). Let c = y + 16. What is the remainder when c is divided by 4?
1
Suppose s - 2*s + 20 = 0. Suppose 21 = 3*h - 15. Suppose 6*g = 48 - h. Calculate the remainder when s is divided by g.
2
Suppose -71*a + 4192 = -39*a. Calculate the remainder when 265 is divided by a.
3
Let o(k) = 12*k**2 - k - 4. Let a be o(4). Let m = 328 - a. Calculate the remainder when (-100)/(-6)*m/32 is divided by 19.
18
Let g(n) = n**3 - 5*n**2 + 6*n - 5. Let v be g(4). Calculate the remainder when (18/42)/(v/21) is divided by 3.
0
Suppose 4*d + 2*j = 918, d + j - 103 = 125. What is the remainder when 243 is divided by d?
12
Let s(x) = x**3 + 6*x**2 - 38*x - 8. Calculate the remainder when 451 is divided by s(-9).
87
Suppose 4*d - 3*d - 15 = 0. Let f be 1644/(-20) + (-6)/(-30). Let n = f - -121. What is the remainder when n is divided by d?
9
Suppose -2*f - 2*i - 240 = -3*f, 456 = 2*f + 2*i. What is the remainder when f is divided by 60?
52
Suppose 3*v + a + 12 = 0, 2*v - 4*a + 25 = 3. Let p(s) = -2*s**2 + s**2 - 3 - 2*s - 5*s. What is the remainder when 12 is divided by p(v)?
5
Let w = 0 - -7. Let g = 24 - w. Suppose 3*h = 2*y - 22, 5*y - 22 = -h - 1. What is the remainder when g is divided by y?
2
Let z(t) = -t**3 + t**2 - 2*t + 60. Calculate the rem